ist the prime factors of 1073133.
3, 119237
What are the prime factors of 76000?
2, 5, 19
What are the prime factors of 233256?
2, 3, 9719
What are the prime factors of 679514?
2, 11, 67, 461
List the prime factors of 204408.
2, 3, 17, 167
List the prime factors of 5577951.
3, 67, 27751
What are the prime factors of 444407?
37, 12011
What are the prime factors of 1302838?
2, 59, 61, 181
List the prime factors of 281826.
2, 3, 17, 307
What are the prime factors of 15081382?
2, 7540691
List the prime factors of 12404055.
3, 5, 19, 71, 613
What are the prime factors of 543132?
2, 3, 47, 107
List the prime factors of 2255733.
3, 53, 4729
List the prime factors of 1222907.
7, 41, 4261
List the prime factors of 27023935.
5, 137, 39451
List the prime factors of 358569.
3, 39841
What are the prime factors of 1850292?
2, 3, 103, 499
List the prime factors of 8601551.
7, 59, 353
What are the prime factors of 11553443?
11, 95483
What are the prime factors of 763905?
3, 5, 127, 401
What are the prime factors of 9992085?
3, 5, 666139
List the prime factors of 32925128.
2, 4115641
What are the prime factors of 3763873?
3763873
List the prime factors of 245626.
2, 191, 643
What are the prime factors of 1644071?
11, 13, 11497
What are the prime factors of 10229208?
2, 3, 11, 38747
List the prime factors of 47426.
2, 23, 1031
List the prime factors of 1337227.
1337227
What are the prime factors of 798486?
2, 3, 13, 29, 353
What are the prime factors of 92519?
7, 13217
What are the prime factors of 2943515?
5, 588703
List the prime factors of 3982115.
5, 19, 167, 251
What are the prime factors of 17868560?
2, 5, 401, 557
List the prime factors of 5485751.
797, 6883
List the prime factors of 100340.
2, 5, 29, 173
List the prime factors of 574126.
2, 7, 23, 1783
What are the prime factors of 2978551?
2978551
What are the prime factors of 7062962?
2, 3531481
List the prime factors of 19233310.
2, 5, 73, 26347
What are the prime factors of 11341298?
2, 5670649
What are the prime factors of 220278?
2, 3, 36713
List the prime factors of 1187196.
2, 3, 19, 41, 127
List the prime factors of 56540.
2, 5, 11, 257
What are the prime factors of 738649?
61, 12109
List the prime factors of 3437750.
2, 5, 13751
List the prime factors of 938535.
3, 5, 13, 4813
List the prime factors of 3741560.
2, 5, 89, 1051
List the prime factors of 11916169.
1553, 7673
List the prime factors of 794342.
2, 17, 61, 383
What are the prime factors of 15259293?
3, 7, 80737
What are the prime factors of 723262?
2, 83, 4357
List the prime factors of 321471.
3, 23, 1553
List the prime factors of 995409.
3, 12289
What are the prime factors of 5286449?
7, 37, 20411
List the prime factors of 208177.
179, 1163
What are the prime factors of 6075772?
2, 23, 66041
What are the prime factors of 21430525?
5, 857221
What are the prime factors of 28740927?
3, 9580309
What are the prime factors of 490382?
2, 17, 14423
What are the prime factors of 8580629?
277, 30977
List the prime factors of 2035556.
2, 127, 4007
What are the prime factors of 7420631?
41, 241, 751
List the prime factors of 3323675.
5, 132947
List the prime factors of 226748.
2, 56687
What are the prime factors of 15015680?
2, 5, 11731
List the prime factors of 10545029.
11, 87149
What are the prime factors of 306379?
151, 2029
List the prime factors of 2265995.
5, 453199
What are the prime factors of 13492404?
2, 3, 374789
What are the prime factors of 225281?
7, 32183
What are the prime factors of 2450699?
43, 56993
List the prime factors of 1070266.
2, 535133
What are the prime factors of 133833?
3, 7, 6373
What are the prime factors of 1272802?
2, 101, 6301
What are the prime factors of 1745238?
2, 3, 11, 31, 853
What are the prime factors of 4161732?
2, 3, 29, 11959
What are the prime factors of 318710?
2, 5, 7, 29, 157
List the prime factors of 4076820.
2, 3, 5, 11, 29, 71
List the prime factors of 598704.
2, 3, 12473
List the prime factors of 656524.
2, 11, 43, 347
List the prime factors of 604574.
2, 302287
What are the prime factors of 1323265?
5, 383, 691
What are the prime factors of 5575047?
3, 29, 64081
What are the prime factors of 1654868?
2, 71, 5827
List the prime factors of 7706224.
2, 481639
List the prime factors of 1570893.
3, 523631
List the prime factors of 17590629.
3, 7, 587, 1427
What are the prime factors of 1266167?
7, 277, 653
What are the prime factors of 393102?
2, 3, 21839
What are the prime factors of 1592041?
11, 144731
List the prime factors of 525889.
7, 13, 5779
List the prime factors of 6249708.
2, 3, 19, 9137
What are the prime factors of 30926?
2, 7, 47
List the prime factors of 237924.
2, 3, 2203
What are the prime factors of 12414291?
3, 29, 31, 4603
List the prime factors of 1657384.
2, 31, 41, 163
List the prime factors of 10496365.
5, 11, 190843
List the prime factors of 809768.
2, 101221
What are the prime factors of 427999?
11, 13, 41, 73
List the prime factors of 14732942.
2, 7, 19, 97, 571
List the prime factors of 262218.
2, 3, 11, 29, 137
List the prime factors of 6635274.
2, 3, 1105879
List the prime factors of 9485738.
2, 83, 57143
List the prime factors of 36719769.
3, 139, 173, 509
List the prime factors of 5481165.
3, 5, 365411
List the prime factors of 838860.
2, 3, 5, 11, 31, 41
What are the prime factors of 733179?
3, 244393
List the prime factors of 977146.
2, 488573
List the prime factors of 3067991.
271, 11321
What are the prime factors of 19781618?
2, 359, 27551
What are the prime factors of 870342?
2, 3, 11, 13187
What are the prime factors of 5282851?
7, 43, 17551
What are the prime factors of 18289?
18289
What are the prime factors of 141965?
5, 28393
What are the prime factors of 538350?
2, 3, 5, 37, 97
What are the prime factors of 1593561?
3, 647, 821
What are the prime factors of 2089812?
2, 3, 349, 499
What are the prime factors of 2761744?
2, 101, 1709
List the prime factors of 9221050.
2, 5, 223, 827
What are the prime factors of 17081?
19, 29, 31
What are the prime factors of 2089025?
5, 83561
List the prime factors of 52330.
2, 5, 5233
List the prime factors of 172640.
2, 5, 13, 83
List the prime factors of 233676.
2, 3, 6491
List the prime factors of 552970.
2, 5, 11, 457
List the prime factors of 1745092.
2, 436273
List the prime factors of 8521879.
17, 501287
What are the prime factors of 17169942?
2, 3, 2861657
What are the prime factors of 281545?
5, 11, 5119
What are the prime factors of 7844368?
2, 7, 70039
List the prime factors of 907436.
2, 61, 3719
List the prime factors of 2426828.
2, 101, 6007
List the prime factors of 290083.
290083
List the prime factors of 22851822.
2, 3, 7, 349, 1559
What are the prime factors of 2292125?
5, 11, 1667
List the prime factors of 5430552.
2, 3, 353, 641
What are the prime factors of 140060?
2, 5, 47, 149
What are the prime factors of 136593?
3, 5059
List the prime factors of 942654.
2, 3, 157109
What are the prime factors of 27927086?
2, 11, 1269413
What are the prime factors of 1539246?
2, 3, 256541
What are the prime factors of 1379742?
2, 3, 7, 13, 19
What are the prime factors of 276848?
2, 11, 13
What are the prime factors of 6507269?
6507269
List the prime factors of 566064.
2, 3, 3931
What are the prime factors of 257610?
2, 3, 5, 31, 277
List the prime factors of 153352.
2, 29, 661
List the prime factors of 158995.
5, 31799
What are the prime factors of 4496935?
5, 899387
List the prime factors of 1399522.
2, 699761
What are the prime factors of 25234982?
2, 12617491
List the prime factors of 712867.
41, 17387
What are the prime factors of 30416?
2, 1901
List the prime factors of 7293204.
2, 3, 17, 701
What are the prime factors of 16524982?
2, 8262491
List the prime factors of 1272545.
5, 139, 1831
List the prime factors of 1102197.
3, 47, 7817
What are the prime factors of 174630?
2, 3, 5, 5821
List the prime factors of 481174.
2, 240587
What are the prime factors of 185936?
2, 11621
List the prime factors of 27813567.
3, 2069, 4481
List the prime factors of 495760.
2, 5, 6197
List the prime factors of 665978.
2, 332989
What are the prime factors of 239948?
2, 223, 269
What are the prime factors of 563244?
2, 3, 11, 17, 251
List the prime factors of 1506531.
3, 13, 38629
What are the prime factors of 327717?
